1
Let j = 508 + -361. Suppose 0 = -s + 4*h + 197, 3*s - 565 = -0*s - h. What is the greatest common divisor of s and j?
21
Let b(u) = -u + 185. Let d(t) = -2*t - 1. Let o(a) = b(a) - 4*d(a). Let i be o(39). What is the greatest common factor of 132 and i?
66
Suppose 62 = 3*z - 5*y - 337, 3*y = 4*z - 543. Suppose -w - 686 = 6*w. Let t = w + z. What is the greatest common factor of t and 10?
10
Suppose -3*w = -4*b - 9, -2*b - w = -4*b - 3. Suppose 4*r - 3*t - 168 = 0, b = -31*t + 27*t. Calculate the highest common divisor of r and 63.
21
Let s(o) = 38*o - 103. Let d be s(3). What is the highest common factor of d and 2563?
11
Let f be (4*-1)/((-1)/8*4). Let y(c) = -126*c**3 + 3*c**2 - c - 2. Let v be y(-1). Calculate the greatest common factor of f and v.
8
Let k(d) = 11*d - 31*d + 3*d - 272 - 25*d. Let w be k(-7). What is the greatest common factor of 275 and w?
11
Let i(m) = -6*m**2 - 389*m - 116. Let r be i(-62). Calculate the greatest common divisor of 1206 and r.
134
Let t(a) = 30*a + 6. Let i be t(1). Let k be ((-36)/(-10))/((-25)/(-125)). Calculate the highest common factor of i and k.
18
Let w(k) = 8*k**2 - k - 2. Let c be w(-2). Let u be ((-32)/12)/((-6)/(-9)). Let d = 4 - u. What is the greatest common divisor of c and d?
8
Let h(p) = -p**2 + 17*p + 12. Let l be h(17). Let i be (-136)/(-5) - l/60. Let d be (-5)/(-10) - (-284)/8. What is the greatest common divisor of i and d?
9
Let k(j) = 2*j**2 - 79*j + 514. Let a be k(6). What is the greatest common factor of a and 128?
16
Let l be 87636/14 - -5 - 4/(-14). What is the greatest common factor of l and 105?
35
Suppose 10*d + 531 = 13*d - 4*c, 0 = 2*c - 12. Calculate the greatest common factor of 2257 and d.
37
Let z(w) = 87*w + 42. Let q be z(9). Suppose -3*n + 18*n = q. Let r be (-9)/27 - n/(-3). What is the highest common divisor of 72 and r?
18
Let l = -3285 + 4041. Calculate the highest common factor of 405 and l.
27
Suppose 0 = 22*p - 20*p - 224. Suppose 3*t = -2*a + 3*a + 24, 3*t + 2*a = 15. What is the greatest common factor of t and p?
7
Let x(w) = 2587*w + 2857. Let n be x(-1). What is the greatest common factor of 12690 and n?
270
Let j = -119 - -95. Let y be (-30)/j - 3/12. Let q be -1 + y + 12*1. What is the highest common factor of q and 18?
6
Suppose 0 = -133*p + 452*p - 24563. What is the highest common divisor of p and 803?
11
Let u be 1*4*(-21)/(-2). Let b(a) = 2*a**2 - 12*a - 8. Let s be b(8). Suppose s*m + u = 27*m. What is the highest common divisor of 14 and m?
14
Let q be (4 - (5 - 62/6))*-3. Let r be (2 - 232/q)/(9/42). Calculate the highest common divisor of r and 48.
48
Suppose -4*a + 10 = 5*u - 201, 4*a - 199 = -u. Let p = a - 56. Let k(s) = -4*s + 21. Let t be k(p). What is the greatest common divisor of 7 and t?
7
Let v = 628 + -655. Let o be (-6642)/v - 7*-1. Let m = 54 - 31. What is the greatest common divisor of o and m?
23
Let n be (((-8910)/20)/27)/(3/(-52)). What is the greatest common divisor of n and 88?
22
Suppose 3*k = -5*d - k - 1440, 2*d = -k - 576. Let u = 362 + d. Calculate the greatest common divisor of u and 2.
2
Suppose 748*f - 743*f - 29025 = -4*q, -2*q + 29035 = 5*f. Calculate the highest common divisor of 74 and f.
37
Suppose -n + 4*i - 523 = -599, 0 = -n - 3*i + 83. Calculate the greatest common divisor of 808 and n.
8
Let z be (-807)/(-30) + ((-3)/30)/(-1). Suppose -8*o + 101 = -z. Let r be (-2)/(-6) + (-10)/(-6). What is the greatest common factor of r and o?
2
Let z be (-58*2)/1*(-2 + 1). Suppose -4*t + 4 = z. Let j be t/36 + 1 - 1256/(-18). Calculate the highest common divisor of 28 and j.
14
Let c(j) = -j**2 + 35*j - 212. Let r be c(17). Calculate the greatest common factor of 47 and r.
47
Suppose -22 = -4*r - 166. Let i = r + 38. Suppose 0 = 3*t - i*t - 253. What is the highest common divisor of t and 23?
23
Let u(c) = -10*c - 246. Let o be u(-30). Let z be ((-16)/(-14))/((-10)/(-210)). Calculate the greatest common factor of o and z.
6
Let m be -1*19*(5 + -8). Let k = m + -45. Suppose -2*y - 3*y = -u + 31, 2*u - 2 = -2*y. Calculate the greatest common factor of k and u.
6
Suppose 3*r = 5*q - 1253, 19*r = 17*r + 8. Suppose 2*l - 32*l = -330. What is the greatest common factor of q and l?
11
Suppose 5*a = 3*m - 0*m + 102, 3*a - 70 = 4*m. Suppose -4*c + 155 + 1222 = -3*w, 0 = 4*c + 2*w - 1362. What is the greatest common factor of a and c?
18
Let z be -1 - 314675/(-45) - (-4)/18. Suppose z = 42*p - 4*p. Calculate the highest common divisor of 46 and p.
46
Let h = 83 + -95. Let v(j) = -j**3 - 12*j**2 - 4*j - 6. Let o be v(h). What is the highest common divisor of 98 and o?
14
Let r = 3103 - 1050. Let l = 3028 - r. What is the greatest common divisor of l and 75?
75
Suppose -5*g + 56*w + 10227 = 58*w, 0 = -5*w - 20. Calculate the highest common divisor of g and 92.
23
Let v be 2 - (5 + (-7)/(-7) + -12) - -24. Let z be 481/2 - 1/2. Calculate the highest common divisor of z and v.
16
Suppose -5*v - 13 = -3*x - 12, -3*v = -4*x + 5. Let z be (-1)/v - (18 + -41). What is the greatest common factor of z and 11?
11
Suppose 36 = k + 156. Let y be (3 + (-30 - -1))/((-11)/(-33)). Let l = y - k. Calculate the highest common factor of 6 and l.
6
Let g be -10 - (142/(-12) - 695/(-834)). Calculate the greatest common factor of 150 and g.
1
Let t(p) = -4 + 0 - 9*p - 4*p. Let r be t(-7). Suppose 2*q = 2*d + 40, 3*q + 71 = 7*q - 5*d. What is the highest common factor of r and q?
29
Let i(b) = -2*b**2 + 24*b - 22. Let o be i(7). Calculate the highest common divisor of 6588 and o.
12
Let y be (2/10)/((-7)/(-70)). Calculate the highest common divisor of y and 326.
2
Let p(c) = 10*c + 20. Let j be p(-5). Let b = j + 29. Let o be -1 + 2/b + (-7 - -21). What is the greatest common factor of o and 55?
11
Suppose -5*g = -23 + 28. Let r be -1 + 4*g*(-49)/7. Suppose -2*i = f - 1, 6*f - 2*f = -5*i + 7. Calculate the greatest common factor of f and r.
3
Let l = 219 + -214. Suppose z = -l*z + 756. Calculate the highest common divisor of z and 42.
42
Suppose -13*r - 12*d + 43728 = -8*r, 5*d + 17501 = 2*r. What is the highest common divisor of r and 243?
243
Suppose -43*s + 11745 = -7785 - 30307. What is the greatest common factor of s and 152?
19
Suppose -24*p = -1905 - 4215. Suppose 16*i = 21*i - 5*v - p, 5*v - 195 = -4*i. Calculate the greatest common factor of i and 1.
1
Suppose 13*w - 46*w = -18084. What is the highest common divisor of w and 411?
137
Suppose 607 = 2*k - k - 5*r, 2*k - 3*r = 1221. What is the highest common divisor of 54 and k?
18
Let r be -2 - (10 - (318 - (-11 - -2))). Calculate the highest common divisor of 49 and r.
7
Let n be 7 - (-1)/(5/(-15)) - 259. Let c = 271 + n. Suppose -576 + 1456 = 5*f. Calculate the highest common factor of c and f.
16
Let w = 16979 - 14109. Calculate the highest common factor of 91 and w.
7
Suppose 16289*z = 16312*z - 1794. What is the highest common divisor of 13299 and z?
39
Let o(w) = 30*w**2 - w. Let y be o(1). Suppose 737 = 4*f - 407. Let s = -257 + f. Calculate the greatest common divisor of y and s.
29
Suppose 25 = 5*t + 5. Suppose -29 = -t*b + 3. What is the greatest common factor of 12 and b?
4
Let w(l) = l - 16. Let u be w(8). Let x(v) = -v**2 - 9*v - 8. Let c be x(u). Suppose c = -5*h + 42 + 3. Calculate the greatest common factor of 18 and h.
9
Suppose -3*w + 50 = 4*k, 3*w - 112*k + 114*k = 58. Calculate the greatest common divisor of w and 473.
11
Suppose 0 = -4*a - 4*j + 7860, -5*j = -1445*a + 1443*a + 3979. What is the highest common divisor of 1276 and a?
116
Suppose 48*a - 60*a + 72 = 0. Suppose a*h + 73 - 109 = 0. Let f = -1 - -3. What is the highest common divisor of h and f?
2
Suppose 0 = 2*t + 4*z - 44, -t + 2*z + 0*z = -26. Suppose p - 185 = -5*y, -4*p + 632 = 10*y + 7*y. Calculate the highest common divisor of t and y.
12
Suppose 4*t = f - t + 13, -4*f = -5*t + 7. Suppose -f*j = -123 - 55. Suppose -4*w - 117 = -8*w - b, 3*w + b = j. What is the highest common divisor of w and 14?
14
Let w(c) = -c**2 - 30*c - 118. Let k be w(-21). Let j = -6 - 20. Let i = j + k. What is the greatest common divisor of 9 and i?
9
Let k be (131 - (-45)/9) + -16. Calculate the greatest common divisor of k and 120.
120
Suppose 25 = 10*f - 5. Suppose -f*i = -3*h + 195, 23*h = 24*h + 5*i - 95. What is the highes